{"id":691,"date":"2018-05-22T16:21:26","date_gmt":"2018-05-22T14:21:26","guid":{"rendered":"https:\/\/www.centrumskolan.se\/?page_id=691"},"modified":"2018-05-23T18:15:04","modified_gmt":"2018-05-23T16:15:04","slug":"gdpr","status":"publish","type":"page","link":"https:\/\/www.centrumskolan.se\/?page_id=691","title":{"rendered":"Integritetspolicy"},"content":{"rendered":"<p>Med anledning av GDPR (General Data Protection Regulation) har vi f\u00f6rtydligat v\u00e5r data- och integritetspolicy (g\u00e4ller fr.o.m. 2018-05-25) som mer utf\u00f6rligt beskriver hur vi sparar och analyserar din personliga information.<\/p>\n<p>Skyddet av dina personuppgifter \u00e4r mycket viktigt f\u00f6r oss p\u00e5 Centrumskolan. I denna policy anges vilka personuppgifter som kan komma att behandlas av Centrumskolan i skolans verksamhet och genom anv\u00e4ndning av v\u00e5r webbsida.<\/p>\n<p>Policyn talar \u00e4ven om hur personuppgifter kan komma att behandlas samt dina r\u00e4ttigheter i f\u00f6rh\u00e5llande till dessa. Centrumskolan i Helsingborg har det yttersta ansvaret f\u00f6r all registrering av personuppgifter och behandlar dessa personuppgifter i enlighet med Dataskyddsf\u00f6rordningen (GDPR).<\/p>\n<p>&nbsp;<\/p>\n<p><strong>Personuppgifter som behandlas<\/strong><\/p>\n<p>Enligt Dataskyddsinspektionen avser en personuppgift all slags information som direkt eller indirekt kan h\u00e4nf\u00f6ras till dig som fysisk person. Detta inkluderar t.ex. namn, adress, e-post, mobilnummer men \u00e4ven bilder, ljudupptagningar och IP-nummer r\u00e4knas som personuppgifter.<\/p>\n<p>Beroende p\u00e5 vilka tj\u00e4nster du har valt att anv\u00e4nda och\/eller om du \u00e4r v\u00e5rdnadshavare till befintlig elev p\u00e5 v\u00e5r skola kan vi komma att behandla f\u00f6ljande typer av personuppgifter:<\/p>\n<ul>\n<li>Kontaktuppgifter s\u00e5som namn, adress, e-post och telefonnummer.<\/li>\n<li>Personuppgifter s\u00e5som bilder p\u00e5 elever tagna i verksamheten.<\/li>\n<li>Annan information som vi mottar fr\u00e5n dig igenom din kontakt med oss.<\/li>\n<\/ul>\n<p>V\u00e5r utg\u00e5ngspunkt n\u00e4r vi behandlar personuppgifter \u00e4r att det endast \u00e4r de personer i v\u00e5r verksamhet som i sitt arbete beh\u00f6ver just de h\u00e4r personuppgifterna som har tillg\u00e5ng till dem.\u00a0Alla personuppgifter gallras\/tas bort vid inaktualitet. Viss data m\u00e5ste lagras i enlighet med lagar och f\u00f6rordningar exempelvis bokf\u00f6ringslagen eller skollagen och kommer d\u00e4rf\u00f6r inte raderas \u00e4ven om elev avslutar sina studier hos oss.<\/p>\n<p>&nbsp;<\/p>\n<p><strong>\u00c4ndam\u00e5l med behandlingen<\/strong><\/p>\n<p>Vi behandlar personuppgifter f\u00f6r f\u00f6ljande \u00e4ndam\u00e5l:<\/p>\n<ul>\n<li>F\u00f6r att tillhandah\u00e5lla v\u00e5ra tj\u00e4nster i enlighet med till\u00e4mpliga villkor.<\/li>\n<li>F\u00f6r administration av v\u00e5r relation med v\u00e5ra elever och v\u00e5rdnadshavare.<\/li>\n<li>F\u00f6r att utveckla och f\u00f6rb\u00e4ttra v\u00e5ra tj\u00e4nster.<\/li>\n<li>F\u00f6r att ge dig som v\u00e5rdnadshavare eller m\u00f6jlig framtida elev\/v\u00e5rdnadshavare information om v\u00e5r verksamhet.<\/li>\n<\/ul>\n<p>&nbsp;<\/p>\n<p><strong>Personuppgifter i skoladministrationen<\/strong><\/p>\n<p>Personuppgifter anv\u00e4nds i skoladministrationen bland annat vid betygshantering och fr\u00e5nvarorapportering, men \u00e4ven f\u00f6r statistik till SCB samt f\u00f6r internt bruk g\u00e4llande utv\u00e4rdering och kvalitetss\u00e4kerhetsarbete. Vi behandlar \u00e4ven s\u00e4rskilt k\u00e4nsliga personuppgifter s\u00e5som h\u00e4lso- och sjukv\u00e5rdsinformation p\u00e5 v\u00e5ra skolor enligt best\u00e4mmelserna i Patientdatalagen (SFS nr: 2008:355)<\/p>\n<p>&nbsp;<\/p>\n<p><strong>Personuppgifter i marknadsf\u00f6ringssyfte<\/strong><\/p>\n<p>Om vi anv\u00e4nder bilder p\u00e5 elever i marknadsf\u00f6ringssyfte p\u00e5 v\u00e5r hemsida, g\u00f6rs detta enbart efter v\u00e5rdnadshavares samtycke. Namn p\u00e5 elever som visas p\u00e5 bilderna skrivs aldrig ut.<\/p>\n<p>N\u00e4r du vill g\u00f6ra en intresseanm\u00e4lan uppger du dina och ditt barns personuppgifter p\u00e5 v\u00e5r webbplats. I de fall d\u00e4r du sj\u00e4lv uttryckt ett behov av att komma i kontakt med oss kommer personuppgifterna endast anv\u00e4ndas i syfte att uppfylla respektive \u00e4ndam\u00e5l, t.ex. att \u00f6verf\u00f6ra \u00f6nskad information via post, telefon, sms eller e-post. Du kan n\u00e4r som helst v\u00e4lja att tacka nej till att ta emot denna typ av information.<\/p>\n<p>&nbsp;<\/p>\n<p><strong>Dina r\u00e4ttigheter<\/strong><\/p>\n<p>Enligt best\u00e4mmelserna i Dataskyddsf\u00f6rordningen \u00e4r det v\u00e5r skyldighet att endast behandla personuppgifter som \u00e4r korrekta, relevanta och n\u00f6dv\u00e4ndiga med beaktande av v\u00e5ra legitima \u00e4ndam\u00e5l. Du har r\u00e4tt att beg\u00e4ra ut information om vilka personuppgifter vi har lagrat i v\u00e5ra register, samt beg\u00e4ra r\u00e4ttning eller radering av dina personuppgifter som finns i v\u00e5ra register.<\/p>\n<p>F\u00f6r fr\u00e5gor om personuppgiftsbehandling \u00e4r du v\u00e4lkommen att kontakta oss p\u00e5\u00a0<a href=\"mailto:info@centrumskolan.se\">info@centrumskolan.se<\/a><\/p>\n<p><u>\u00a0<\/u><\/p>\n<p>Senast uppdaterad 2018-05-17<\/p>\n","protected":false},"excerpt":{"rendered":"<p>Med anledning av GDPR (General Data Protection Regulation) har vi f\u00f6rtydligat v\u00e5r data- och integritetspolicy (g\u00e4ller fr.o.m. 2018-05-25) som mer utf\u00f6rligt beskriver hur vi sparar och analyserar din personliga information. Skyddet av dina personuppgifter \u00e4r mycket viktigt f\u00f6r oss p\u00e5 Centrumskolan. I denna policy anges vilka personuppgifter som kan komma att behandlas av Centrumskolan i skolans verksamhet och genom anv\u00e4ndning av v\u00e5r webbsida. Policyn talar \u00e4ven om hur personuppgifter kan komma att behandlas samt dina r\u00e4ttigheter i f\u00f6rh\u00e5llande till dessa. Centrumskolan i Helsingborg har det yttersta ansvaret f\u00f6r all registrering av personuppgifter och behandlar dessa personuppgifter i enlighet med Dataskyddsf\u00f6rordningen (GDPR). &nbsp; Personuppgifter som behandlas Enligt Dataskyddsinspektionen avser en personuppgift all slags information som direkt eller indirekt kan h\u00e4nf\u00f6ras till dig som fysisk person. Detta inkluderar t.ex. namn, adress, e-post, mobilnummer men \u00e4ven bilder, ljudupptagningar och IP-nummer r\u00e4knas som personuppgifter. Beroende p\u00e5 vilka tj\u00e4nster du har valt att anv\u00e4nda och\/eller om du \u00e4r v\u00e5rdnadshavare till befintlig elev p\u00e5 v\u00e5r skola kan vi komma att behandla f\u00f6ljande typer av personuppgifter: Kontaktuppgifter s\u00e5som namn, adress, e-post och telefonnummer. Personuppgifter s\u00e5som bilder p\u00e5 elever tagna i verksamheten. Annan information som vi mottar fr\u00e5n dig igenom din kontakt med oss. V\u00e5r utg\u00e5ngspunkt n\u00e4r vi behandlar personuppgifter \u00e4r att det endast \u00e4r de personer i v\u00e5r verksamhet som i sitt arbete beh\u00f6ver just de h\u00e4r personuppgifterna som har tillg\u00e5ng till dem.\u00a0Alla personuppgifter gallras\/tas bort vid inaktualitet. Viss data m\u00e5ste lagras i enlighet med lagar och f\u00f6rordningar exempelvis bokf\u00f6ringslagen eller skollagen och kommer d\u00e4rf\u00f6r inte raderas \u00e4ven om elev avslutar sina studier hos oss. &nbsp; \u00c4ndam\u00e5l med behandlingen Vi behandlar personuppgifter f\u00f6r f\u00f6ljande \u00e4ndam\u00e5l: F\u00f6r att tillhandah\u00e5lla v\u00e5ra tj\u00e4nster i enlighet med till\u00e4mpliga villkor. F\u00f6r administration av v\u00e5r relation med v\u00e5ra elever och v\u00e5rdnadshavare. F\u00f6r att utveckla och f\u00f6rb\u00e4ttra v\u00e5ra tj\u00e4nster. F\u00f6r att ge dig som v\u00e5rdnadshavare eller m\u00f6jlig framtida elev\/v\u00e5rdnadshavare information om v\u00e5r verksamhet. &nbsp; Personuppgifter i skoladministrationen Personuppgifter anv\u00e4nds i skoladministrationen bland annat vid betygshantering och fr\u00e5nvarorapportering, men \u00e4ven f\u00f6r statistik till SCB samt f\u00f6r internt bruk g\u00e4llande utv\u00e4rdering och kvalitetss\u00e4kerhetsarbete. Vi behandlar \u00e4ven s\u00e4rskilt k\u00e4nsliga personuppgifter s\u00e5som h\u00e4lso- och sjukv\u00e5rdsinformation p\u00e5 v\u00e5ra skolor [&hellip;]<\/p>\n","protected":false},"author":2,"featured_media":0,"parent":0,"menu_order":0,"comment_status":"closed","ping_status":"closed","template":"","meta":{"footnotes":""},"_links":{"self":[{"href":"https:\/\/www.centrumskolan.se\/index.php?rest_route=\/wp\/v2\/pages\/691"}],"collection":[{"href":"https:\/\/www.centrumskolan.se\/index.php?rest_route=\/wp\/v2\/pages"}],"about":[{"href":"https:\/\/www.centrumskolan.se\/index.php?rest_route=\/wp\/v2\/types\/page"}],"author":[{"embeddable":true,"href":"https:\/\/www.centrumskolan.se\/index.php?rest_route=\/wp\/v2\/users\/2"}],"replies":[{"embeddable":true,"href":"https:\/\/www.centrumskolan.se\/index.php?rest_route=%2Fwp%2Fv2%2Fcomments&post=691"}],"version-history":[{"count":29,"href":"https:\/\/www.centrumskolan.se\/index.php?rest_route=\/wp\/v2\/pages\/691\/revisions"}],"predecessor-version":[{"id":1046,"href":"https:\/\/www.centrumskolan.se\/index.php?rest_route=\/wp\/v2\/pages\/691\/revisions\/1046"}],"wp:attachment":[{"href":"https:\/\/www.centrumskolan.se\/index.php?rest_route=%2Fwp%2Fv2%2Fmedia&parent=691"}],"curies":[{"name":"wp","href":"https:\/\/api.w.org\/{rel}","templated":true}]}}